{"id":7169,"date":"2018-08-07T14:31:31","date_gmt":"2018-08-07T11:31:31","guid":{"rendered":"http:\/\/alfatasarim.org\/guneshidrolik\/?page_id=7169"},"modified":"2018-08-07T14:31:31","modified_gmt":"2018-08-07T11:31:31","slug":"4sp-4sh-din-soketler","status":"publish","type":"page","link":"https:\/\/www.guneshidrolik.com.tr\/index.php\/soketler\/4sp-4sh-din-soketler\/","title":{"rendered":"4SP &#8211; 4SH D\u0130N Soketler"},"content":{"rendered":"<p><img loading=\"lazy\" class=\"aligncenter wp-image-7170 size-full\" src=\"http:\/\/alfatasarim.org\/guneshidrolik\/wp-content\/uploads\/2018\/08\/urun0003.jpg\" alt=\"\" width=\"441\" height=\"294\" \/><\/p>\n<table class=\"aligncenter\" border=\"1px\" width=\"623\">\n<tbody>\n<tr>\n<td colspan=\"12\" rowspan=\"2\" width=\"169\">MALZEME KODU<br \/>\nPart Ref.<\/td>\n<td colspan=\"2\" width=\"210\">HORTUM \u0130\u00c7 \u00c7API<br \/>\nHose Bore<\/td>\n<td colspan=\"2\" width=\"244\">BOYUT \u00d6L\u00c7\u00dcLER\u0130 mm<br \/>\nDimensions in mm<\/td>\n<\/tr>\n<tr>\n<td width=\"103\">DN<\/td>\n<td width=\"107\">INCH<\/td>\n<td width=\"127\">D<\/td>\n<td width=\"117\">A<\/td>\n<\/tr>\n<tr>\n<td colspan=\"12\" width=\"169\">GH &#8211; 1011 &#8211; 2<\/td>\n<td>6<\/td>\n<td width=\"107\">1\/4<\/td>\n<td>22,0<\/td>\n<td>32,0<\/td>\n<\/tr>\n<tr>\n<td colspan=\"12\" width=\"169\">GH &#8211; 1013 &#8211; 2<\/td>\n<td>10<\/td>\n<td width=\"107\">3\/8<\/td>\n<td>26,0<\/td>\n<td>33,0<\/td>\n<\/tr>\n<tr>\n<td colspan=\"12\" width=\"169\">GH &#8211; 1015 &#8211; 2<\/td>\n<td>12<\/td>\n<td width=\"107\">1\/2<\/td>\n<td>30,0<\/td>\n<td>38,0<\/td>\n<\/tr>\n<tr>\n<td colspan=\"12\" width=\"169\">GH &#8211; 1016 &#8211; 2<\/td>\n<td>16<\/td>\n<td width=\"107\">5\/8<\/td>\n<td>34,0<\/td>\n<td>45,0<\/td>\n<\/tr>\n<tr>\n<td colspan=\"12\" width=\"169\">GH &#8211; 1017<\/td>\n<td>19<\/td>\n<td width=\"107\">3\/4<\/td>\n<td>38,0<\/td>\n<td>52,0<\/td>\n<\/tr>\n<tr>\n<td colspan=\"12\" width=\"169\">GH &#8211; 1020<\/td>\n<td>25<\/td>\n<td>1<\/td>\n<td>45,0<\/td>\n<td>64,0<\/td>\n<\/tr>\n<tr>\n<td colspan=\"12\" width=\"169\">GH &#8211; 1021<\/td>\n<td>31<\/td>\n<td width=\"107\">1 1\/4<\/td>\n<td>56,0<\/td>\n<td>70,0<\/td>\n<\/tr>\n<tr>\n<td colspan=\"12\" width=\"169\">GH &#8211; 1025<\/td>\n<td>38<\/td>\n<td width=\"107\">1 1\/2<\/td>\n<td>62,0<\/td>\n<td>75,0<\/td>\n<\/tr>\n<tr>\n<td colspan=\"12\" width=\"169\">GH &#8211; 1028<\/td>\n<td>50<\/td>\n<td>2<\/td>\n<td>75,0<\/td>\n<td>70,0<\/td>\n<\/tr>\n<\/tbody>\n<\/table>\n","protected":false},"excerpt":{"rendered":"<p>MALZEME KODU Part Ref. HORTUM \u0130\u00c7 \u00c7API Hose Bore BOYUT \u00d6L\u00c7\u00dcLER\u0130 mm Dimensions in mm DN INCH D A GH &#8211; 1011 &#8211; 2 6 1\/4 22,0 32,0 GH &#8211; 1013 &#8211; 2 10 3\/8 26,0 33,0 GH &#8211; 1015 &#8211; 2 12 1\/2 30,0 38,0 GH &#8211; 1016 &#8211; 2 16 5\/8 34,0 45,0 [&hellip;]<\/p>\n","protected":false},"author":1,"featured_media":7170,"parent":7060,"menu_order":0,"comment_status":"closed","ping_status":"closed","template":"","meta":[],"_links":{"self":[{"href":"https:\/\/www.guneshidrolik.com.tr\/index.php\/wp-json\/wp\/v2\/pages\/7169"}],"collection":[{"href":"https:\/\/www.guneshidrolik.com.tr\/index.php\/wp-json\/wp\/v2\/pages"}],"about":[{"href":"https:\/\/www.guneshidrolik.com.tr\/index.php\/wp-json\/wp\/v2\/types\/page"}],"author":[{"embeddable":true,"href":"https:\/\/www.guneshidrolik.com.tr\/index.php\/wp-json\/wp\/v2\/users\/1"}],"replies":[{"embeddable":true,"href":"https:\/\/www.guneshidrolik.com.tr\/index.php\/wp-json\/wp\/v2\/comments?post=7169"}],"version-history":[{"count":1,"href":"https:\/\/www.guneshidrolik.com.tr\/index.php\/wp-json\/wp\/v2\/pages\/7169\/revisions"}],"predecessor-version":[{"id":7171,"href":"https:\/\/www.guneshidrolik.com.tr\/index.php\/wp-json\/wp\/v2\/pages\/7169\/revisions\/7171"}],"up":[{"embeddable":true,"href":"https:\/\/www.guneshidrolik.com.tr\/index.php\/wp-json\/wp\/v2\/pages\/7060"}],"wp:featuredmedia":[{"embeddable":true,"href":"https:\/\/www.guneshidrolik.com.tr\/index.php\/wp-json\/wp\/v2\/media\/7170"}],"wp:attachment":[{"href":"https:\/\/www.guneshidrolik.com.tr\/index.php\/wp-json\/wp\/v2\/media?parent=7169"}],"curies":[{"name":"wp","href":"https:\/\/api.w.org\/{rel}","templated":true}]}}